ue
Does 12 divide 32268?
True
Is 96 a factor of 10534?
False
Is 7 a factor of 5944?
False
Is 1746 a multiple of 12?
False
Is 2940 a multiple of 21?
True
Is 13 a factor of 33232?
False
Is 17 a factor of 1071?
True
Is 58 a factor of 406?
True
Is 695 a multiple of 5?
True
Does 11 divide 3305?
False
Does 82 divide 5166?
True
Does 3 divide 825?
True
Does 48 divide 5760?
True
Is 14320 a multiple of 8?
True
Is 3198 a multiple of 6?
True
Is 19 a factor of 1140?
True
Does 24 divide 28224?
True
Does 16 divide 480?
True
Does 61 divide 732?
True
Does 10 divide 15701?
False
Is 16 a factor of 941?
False
Is 42 a factor of 1806?
True
Is 8 a factor of 672?
True
Does 30 divide 51300?
True
Does 6 divide 678?
True
Is 29020 a multiple of 14?
False
Is 80 a multiple of 3?
False
Is 21 a factor of 21110?
False
Is 22 a factor of 608?
False
Does 88 divide 1993?
False
Is 422 even?
True
Does 4 divide 898?
False
Is 494 a multiple of 38?
True
Is 12 a factor of 339?
False
Is 11 a factor of 11834?
False
Does 5 divide 6245?
True
Does 3 divide 106?
False
Is 1228 a multiple of 2?
True
Is 52 a factor of 676?
True
Is 23 a factor of 23?
True
Is 43591 a multiple of 22?
False
Is 6253 a multiple of 13?
True
Does 38 divide 30780?
True
Does 9 divide 71?
False
Is 29 a factor of 1537?
True
Is 46 a factor of 388?
False
Does 42 divide 109?
False
Is 248 a multiple of 31?
True
Is 25 a factor of 66441?
False
Is 90 a multiple of 30?
True
Is 2 a factor of 20?
True
Is 3157 a multiple of 9?
False
Does 37 divide 1332?
True
Is 154 a factor of 61598?
False
Is 676 a multiple of 26?
True
Is 67638 a multiple of 12?
False
Is 238 a factor of 40720?
False
Does 209 divide 115577?
True
Is 38082 a multiple of 11?
True
Does 28 divide 553?
False
Is 2001 a multiple of 13?
False
Does 15 divide 330?
True
Is 44 a factor of 922?
False
Is 10605 a multiple of 10?
False
Is 725 a multiple of 49?
False
Is 49 a factor of 8526?
True
Is 11 a factor of 354?
False
Is 9348 a multiple of 23?
False
Is 2088 a multiple of 8?
True
Is 120 a multiple of 3?
True
Is 172 a multiple of 3?
False
Does 28 divide 7504?
True
Is 63707 a multiple of 343?
False
Is 2641 a multiple of 17?
False
Is 15 a factor of 7547?
False
Does 38 divide 988?
True
Does 8 divide 2984?
True
Does 95 divide 28611?
False
Does 38 divide 152?
True
Does 54 divide 107?
False
Is 2800 a multiple of 100?
True
Is 29610 a multiple of 30?
True
Is 51 a factor of 612?
True
Is 90585 a multiple of 197?
False
Is 25 a factor of 1398?
False
Is 17480 a multiple of 19?
True
Does 32 divide 155023?
False
Is 38 a factor of 2280?
True
Is 97 a factor of 5432?
True
Is 356 a multiple of 87?
False
Does 83 divide 4062?
False
Is 35 a factor of 3735?
False
Is 6 a factor of 272?
False
Does 35 divide 2835?
True
Is 8568 a multiple of 126?
True
Does 9 divide 2887?
False
Does 3 divide 279?
True
Is 24 a factor of 2040?
True
Is 19 a factor of 24604?
False
Does 10 divide 5178?
False
Is 4 a factor of 2936?
True
Is 15611 even?
False
Is 44 a factor of 81664?
True
Is 14742 a multiple of 351?
True
Is 7891 a multiple of 77?
False
Does 18 divide 1883?
False
Is 19 a factor of 1558?
True
Is 72 a factor of 7187?
False
Is 3456 a multiple of 32?
True
Is 2891 a multiple of 11?
False
Is 41148 a multiple of 15?
False
Is 6 a factor of 2927?
False
Is 12 a factor of 1644?
True
Is 38538 a multiple of 157?
False
Is 1365 a multiple of 26?
False
Does 13 divide 637?
True
Is 730 a multiple of 10?
True
Is 40693 a multiple of 9?
False
Is 39442 a multiple of 82?
True
Does 4 divide 206?
False
Is 10 a factor of 711?
False
Is 14 a factor of 1946?
True
Does 218 divide 56947?
False
Is 27 a factor of 2025?
True
Is 5 a factor of 35?
True
Is 8066 a multiple of 109?
True
Does 29 divide 66?
False
Is 28 a factor of 952?
True
Is 31 a factor of 465?
True
Is 3855 a multiple of 46?
False
Is 544 a multiple of 8?
True
Is 25495 a multiple of 159?
False
Is 15351 a multiple of 205?
False
Does 12 divide 1453?
False
Does 21 divide 3087?
True
Does 15 divide 11415?
True
Does 17 divide 169?
False
Is 46851 a multiple of 98?
False
Does 7 divide 23095?
False
Is 36 a factor of 16668?
True
Does 9 divide 36317?
False
Is 735 a multiple of 49?
True
Does 63 divide 15687?
True
Does 25 divide 2525?
True
Is 9 a factor of 1515?
False
Is 45 a factor of 12915?
True
Does 19 divide 13832?
True
Does 26 divide 2548?
True
Is 1908 a multiple of 53?
True
Is 22 a factor of 3674?
True
Is 61732 a multiple of 44?
True
Is 25775 a multiple of 23?
False
Is 9362 a multiple of 302?
True
Does 54 divide 53718?
False
Is 159 a factor of 122061?
False
Is 33 a multiple of 11?
True
Is 492 a multiple of 12?
True
Is 16 a factor of 928?
True
Does 26 divide 1543?
False
Is 4056 a multiple of 6?
True
Does 49 divide 4067?
True
Is 11 a factor of 4562?
False
Is 402 a multiple of 3?
True
Is 1111 a multiple of 11?
True
Does 15 divide 1091?
False
Is 729 a multiple of 19?
False
Does 19 divide 19?
True
Is 14 a factor of 10693?
False
Does 5 divide 19205?
True
Is 1408 a multiple of 11?
True
Does 17 divide 1343?
True
Does 137 divide 90694?
True
Does 9 divide 477?
True
Does 8 divide 6197?
False
Is 17 a factor of 4075?
False
Does 69 divide 1390?
False
Does 28 divide 812?
True
Is 366 a multiple of 35?
False
Does 8 divide 4740?
False
Does 8 divide 136?
True
Is 46167 a multiple of 33?
True
Does 23 divide 4021?
False
Is 38 a multiple of 38?
True
Is 2275 a multiple of 91?
True
Does 25 divide 122?
False
Is 38 a factor of 28458?
False
Is 75 a factor of 3719?
False
Is 4737 a multiple of 19?
False
Is 3268 a multiple of 7?
False
Is 35732 a multiple of 178?
False
Is 78 a factor of 1950?
True
Is 8 a factor of 9959?
False
Does 5 divide 582?
False
Is 59 a factor of 7670?
True
Is 60780 a multiple of 53?
False
Does 13 divide 12974?
True
Is 5 a factor of 13272?
False
Does 162 divide 19926?
True
Is 456 a multiple of 12?
True
Does 90 divide 5310?
True
Does 39 divide 4929?
False
Is 1755 a multiple of 195?
True
Is 6 a factor of 9402?
True
Does 63 divide 794?
False
Does 131 divide 3020?
False
Is 11 a factor of 135718?
True
Is 101 a factor of 2323?
True
Is 110 a multiple of 5?
True
Is 88 a factor of 26021?
False
Is 20 a factor of 3441?
False
Is 39200 a multiple of 112?
True
Does 59 divide 41067?
False
Is 75 a factor of 11625?
True
Is 7 a factor of 122?
False
Does 9 divide 927?
True
Does 55 divide 421?
False
Is 12 a factor of 11005?
False
Is 36 a factor of 555?
False
Is 6501 a multiple of 6?
False
Does 12 divide 4764?
True
Does 58 divide 1276?
True
Does 13 divide 9977?
False
Is 725 a multiple of 149?
False
Does 54 divide 756?
True
Is 120 a factor of 20640?
True
Does 5 divide 3265?
True
Is 1080 a multiple of 36?
True
Is 9 a factor of 2876?
False
Is 41 a factor of 1103?
False
Is 3 a factor of 88?
False
Does 6 divide 18882?
True
Does 9 divide 3135?
False
Does 18 divide 833?
False
Does 11 divide 9135?
False
Does 41 divide 164?
True
Does 4 divide 2068?
True
Is 5727 a multiple of 73?
False
Does 12 divide 10668?
True
Is 1728 a multiple of 48?
True
Does 11 divide 327?
False
Is 2 a factor of 139?
False
Is 1903 a multiple of 17?
False
Is 46 a factor of 3358?
True
Is 177 a factor of 32568?
True
Is 24814 a multiple of 38?
True
Is 3883 a multiple of 4?
False
Does 112 divide 739?
False
Is 33428 a multiple of 81?
False
Does 261 divide 30534?
False
Does 54 divide 2236?
False
Does 65 divide 19458?
False
Is 56 a factor of 43201?
False
Is 20 a factor of 14160?
True
Is 2189 a multiple of 17?
False
Does 15 divide 2660?
False
Is 8 a factor of 179?
False
Is 45 a factor of 676?
False
Does 39 divide 33891?
True
Is 202 a multiple of 21?
False
Is 4 a factor of 551?
False
Is 4 a factor of 1639?
False
Is 396 a multiple of 36?
True
Is 16 a factor of 20880?
True
Is 13 a factor of 4836?
True
Is 11 a factor of 4103?
True
Is 21210 a multiple of 15?
True
Is 10 a factor of 10010?
True
Is 76 a factor of 29499?
False
Is 84513 a multiple of 41?
False
Does 41 divide 12942?
False
Is 361 a multiple of 3?
False
Does 4 divide 3714?
False
Is 38628 a multiple of 56?
False
Does 189 divide 38934?
True
Is 1206 a multiple of 6?
True
Does 35 divide 245?
True
Does 77 divide 11011?
True
Does 9 divide 209?
False
Is 17 a factor of 425?
True
Is 79687 a multiple of 306?
False
Is 26460 a multiple of 18?
True
Does 266 divide 80598?
True
Is 33 a factor of 2039?
False
Does 24 divide 2280?
T